4*c**3 - 17*c**2 - 39224*c + 156897. What is g(4)?
-15
Let j(q) = -8298*q - 107887. What is j(-13)?
-13
Let i(r) = -432*r**2 + 12952*r + 280. Determine i(30).
40
Let j(z) = 2*z**2 - 19001*z - 3091355. Calculate j(-160).
5
Let a(d) = -4*d**3 - 225*d**2 - 621*d + 99. Give a(-3).
45
Let a(v) = -86*v**2 - 268*v - 16. Give a(-3).
14
Let l(c) = c**3 + 59*c**2 + 118*c + 236. Give l(-57).
8
Let v(m) = -6*m**3 + 144*m**2 + 42*m - 918. Give v(24).
90
Let c(l) = 818*l + 1817. What is c(-5)?
-2273
Let x(u) = u**3 - 725*u**2 - 110122*u - 37586. Determine x(854).
-10
Let x(n) = 5180*n - 42355. What is x(9)?
4265
Let k(u) = -u**2 + 15153*u + 6269085. What is k(-403)?
17
Let z(i) = -425*i**2 + 4304*i - 4305. What is z(1)?
-426
Let t(z) = z**2 + 179*z + 7846. Give t(-86).
-152
Let u(l) = 656*l + 68943. What is u(-106)?
-593
Let o(i) = -8*i**2 - 7542*i + 99433. What is o(13)?
35
Let o(k) = -k**2 + 32*k + 110. Determine o(24).
302
Let l(y) = 2*y**2 + 82986*y - 2823850. Calculate l(34).
-14
Let n(w) = -482885*w + 2897414. Give n(6).
104
Let p(d) = -24*d**3 - 12*d**2 + 115*d - 388. Calculate p(5).
-3113
Let m(v) = 2*v**3 - 193*v**2 + 4480*v + 158. What is m(39)?
-37
Let d(u) = 22324*u - 803761. What is d(36)?
-97
Let x(l) = -126*l**2 + 10186*l + 10185. Determine x(-1).
-127
Let v(y) = 6*y**2 + 12377*y + 24703. Determine v(-2).
-27
Let i(v) = -3*v**3 - 4*v**2 - 19*v + 16. Determine i(-7).
982
Let u(n) = 297*n - 1784. What is u(4)?
-596
Let g(t) = -852*t + 127833. Determine g(150).
33
Let x(t) = -15883*t + 190598. What is x(12)?
2
Let m(c) = c**3 - 85*c**2 + 1537*c - 63. What is m(26)?
15
Let j(w) = -475242*w - 3326697. Give j(-7).
-3
Let s(g) = g**2 - 2638*g - 1284361. Determine s(-420).
-1
Let k(b) = -b**3 + 61*b**2 - 49*b - 668. Determine k(60).
-8
Let u(j) = j**3 - 286*j**2 - 648*j + 20680. Calculate u(288).
-56
Let b(m) = -8*m**3 - 109*m**2 - 299*m - 3041. Calculate b(-13).
1
Let c(p) = 15831*p + 585752. Calculate c(-37).
5
Let u(s) = -70*s + 616. Calculate u(16).
-504
Let i(x) = -2*x**2 + 2790*x + 257894. Calculate i(-87).
26
Let o(k) = 518*k**2 - 19*k + 28. Give o(1).
527
Let i(o) = -o**3 - o**2 - 153*o - 812. Determine i(-5).
53
Let r(z) = 3*z**2 + 289*z - 9850. What is r(-123)?
-10
Let f(d) = 53*d**2 - 478*d + 122. Calculate f(10).
642
Let x(o) = 148457*o + 2375323. Give x(-16).
11
Let i(f) = -19*f**2 + 82*f - 445. What is i(5)?
-510
Let g(s) = -212*s**3 + 14*s**2 + 54*s + 49. Give g(-2).
1693
Let r(x) = -23884*x**2 - 238832*x - 7. What is r(-10)?
-87
Let q(r) = 3097*r + 9286. What is q(-3)?
-5
Let a(d) = 3502*d + 907046. Calculate a(-259).
28
Let l(k) = -k**3 + 99*k**2 + 1459*k + 105. Determine l(-13).
66
Let d(g) = -8*g**3 - 889*g**2 - 996*g - 371. Determine d(-110).
289
Let x(o) = 8*o**2 - 341272*o + 3411916. Give x(10).
-4
Let c(p) = 6*p**3 - 154*p**2 - 147*p - 1848. What is c(27)?
15
Let g(j) = -3*j**2 - 2814*j + 39938. Determine g(-952).
-46
Let f(s) = s**2 - 1483*s - 46312. Calculate f(-31).
622
Let f(r) = 1054*r - 5267. Determine f(5).
3
Let n(d) = -d**2 - 1327*d - 92649. Determine n(-74).
73
Let g(d) = 387*d + 42235. Determine g(-109).
52
Let n(a) = -972*a + 1577. Determine n(3).
-1339
Let k(m) = -72*m**3 - 1156*m**2 - 281*m - 3473. What is k(-16)?
-1
Let l(t) = -1814*t**2 + 18144*t - 59. Determine l(10).
-19
Let d(c) = c**3 - 36*c**2 + 45*c - 347. Calculate d(35).
3
Let f(b) = 37800*b - 302247. What is f(8)?
153
Let h(a) = 105585*a - 316761. Determine h(3).
-6
Let a(o) = -39*o - 1153. Give a(-35).
212
Let v(y) = 2*y**2 + 7195*y + 3994576. What is v(-686)?
-2
Let k(w) = 3*w**2 + 49*w - 2214. What is k(40)?
4546
Let c(q) = q**2 - 491*q - 32769. Give c(-60).
291
Let q(u) = -620*u + 26900. Calculate q(43).
240
Let y(h) = 188880*h - 566644. What is y(3)?
-4
Let v(a) = -88*a**2 - 767*a + 11777. Give v(8).
9
Let z(n) = -n**2 - 62941*n - 2013099. Calculate z(-32).
-11
Let j(i) = -14*i + 1558. Determine j(33).
1096
Let d(r) = 354236*r - 4. Give d(0).
-4
Let u(p) = -3*p**2 - 533*p - 19800. What is u(-124)?
164
Let x(i) = 8314*i - 132984. What is x(16)?
40
Let d(o) = o**3 + 15*o**2 - 391*o - 15241. Give d(25).
-16
Let w(o) = 409601*o + 11059224. Determine w(-27).
-3
Let f(l) = -7*l**2 - 86*l - 171. Determine f(-6).
93
Let m(d) = -7051*d**2 + 218590*d - 261. Calculate m(31).
18
Let x(z) = 595*z - 43543. Determine x(74).
487
Let q(p) = -13*p**3 - 63*p**2 - 57*p + 36. Give q(-3).
-9
Let q(l) = -54*l**3 + 6*l**2 - 688*l + 2057. What is q(3)?
-1411
Let j(y) = 188708*y - 3585461. What is j(19)?
-9
Let n(o) = -2*o**2 + 1156*o + 6963. Calculate n(-6).
-45
Let t(g) = -28*g**2 - 1091*g - 6245. Give t(-7).
20
Let f(q) = 3*q - 1549. Determine f(32).
-1453
Let b(y) = -13722*y - 699783. Give b(-51).
39
Let b(y) = -466*y + 36674. Give b(77).
792
Let n(l) = 133819*l + 1873494. What is n(-14)?
28
Let h(w) = 9*w**2 + 15090*w + 15091. Determine h(-1).
10
Let r(x) = -298721*x + 3584601. Determine r(12).
-51
Let y(a) = -2*a**3 + 108*a**2 - 183*a - 283. What is y(52)?
1017
Let f(l) = -48*l**2 + 11*l + 5. Give f(1).
-32
Let d(n) = -385*n + 1055. Give d(4).
-485
Let x(i) = -3*i**3 + 72*i**2 - 64*i + 1274. What is x(24)?
-262
Let i(t) = 22*t**2 + 33*t - 249. Calculate i(10).
2281
Let c(t) = -5*t**3 + 665*t**2 - 7799*t + 109. Give c(120).
229
Let j(i) = -i**3 + 22*i**2 - 146*i + 1207. What is j(17)?
170
Let q(k) = 478*k - 5276. Calculate q(11).
-18
Let o(h) = -5*h**3 + 8484*h**2 - 2515928*h + 380. Calculate o(383).
-3
Let w(n) = -3*n**2 + 5495*n - 22037. What is w(4)?
-105
Let r(s) = -s**2 + 490*s + 13393. Determine r(-26).
-23
Let u(i) = -i**3 + i**2 - 94*i - 843. What is u(-7)?
207
Let m(s) = s**2 - 1873*s - 281760. Determine m(-140).
60
Let u(k) = 167*k + 17131. What is u(-103)?
-70
Let v(n) = 6*n**2 + 1996*n + 3548. Give v(-331).
238
Let o(k) = 208*k**2 - 15*k - 25. What is o(-1)?
198
Let w(a) = -a**2 - 504698*a + 4037629. Give w(8).
-19
Let m(i) = -34089*i + 272550. Calculate m(8).
-162
Let m(s) = -s**3 + 87*s**2 - 661*s + 2350. What is m(79)?
59
Let o(i) = -959*i + 4199. Give o(5).
-596
Let a(w) = -144*w - 3292. What is a(-23)?
20
Let l(n) = -18*n**2 + 4390*n + 22910. Give l(249).
2
Let v(d) = -2069*d + 18657. What is v(9)?
36
Let y(n) = 7841*n + 7738. Determine y(-1).
-103
Let x(g) = g**3 - 46*g**2 - 8988*g + 426811. Determine x(48).
-5
Let d(f) = -6320*f - 6339. Calculate d(-1).
-19
Let r(c) = -110*c + 3648. What is r(34)?
-92
Let b(o) = 237*o + 31617. Calculate b(-131).
570
Let i(k) = 6*k**3 + 98*k**2 - 12018*k - 192803. What is i(-16)?
-3
Let u(p) = -206*p**2 - 187*p - 376. What is u(-2)?
-826
Let k(n) = 1908*n + 669. What is k(0)?
669
Let o(v) = 190600*v - 1524797. Give o(8).
3
Let o(f) = 2*f**3 - 185*f**2 - 1053*f - 2374. Determine o(98).
76
Let d(y) = -y**3 - 130*y**2 - 2204*y + 51976. Give d(-104).
-24
Let w(y) = y**3 - 79*y**2 + 39*y - 2594. What is w(79)?
487
Let p(m) = 4*m**2 - 489*m - 8009. Give p(-16).
839
Let o(y) = 262*y**3 + 44*y**2 - 86*y + 4. What is o(2)?
2104
Let w(b) = -132*b**2 - 170*b - 321. Determine w(-2).
-509
Let s(n) = 10889*n + 130622. Calculate s(-12).
-46
Let s(d) = 6*d**3 - 817*d**2 - 81399*d - 822. Give s(203).
-10
Let d(p) = 2*p**3 + 20*p**2 - 60*p - 1640. What is d(-15)?
-2990
Let u(l) = 2348*l - 120603. What is u(51)?
-855
Let v(o) = -26*o**2 - 1115*o - 2196. What is v(-2)?
-70
Let j(z) = -131*z**2 + 30387*z - 30388. Determine j(1).
-132
Let d(y) = -y**3 + 62*y**2 + 500*y - 15698. Give d(66).
-122
Let b(m) = m**2 - 4812*m - 877885. What is b(-176)?
3
Let w(a) = -1316*a + 9921. What is w(9)?
-1923
Let s(h) = -1199*h - 13176. What is s(-11)?
13
Let j(z) = 337*z - 5933. What is j(20)?
807
Let u(q) = q**3 - 5*q**2 - 198*q - 238. Calculate u(-12).
-310
Let w(y) = y**3 - 155*y**2 - 4492*y + 80. What is w(-25)?
-120
Let r(n) = n**2 + 182*n + 7794. What is r(-73)?
-163
Let o(q) = -q**3 - 13*q**2 - 14*q - 720. Determine o(-17).
674
Let v(q) = -26*q**3 - 11*q**2 + 60*q + 328. Calculate v(-4).
1576
Let h(a) = -1483*a - 195777. Determine h(-132).
-21
Let r(c) = -855*c + 436053. Calculate r(510).
3
Let o(z) = z**3 - 77*z**2 + 229*z - 5984. Give o(75).
-59
Let o(y) = -y**3 + 213*y**2 - 414*y - 1677. Give o(211).
11
Let g(f) = 8*f**3 + 49*f**2 + 93*f - 8. Give g(-2).
-62
Let i(f) = -f**2 + 4035*f + 878081. Determine i(-207).
-13
Let m(r) = 1329*r + 372